{"id":666,"date":"2013-06-04T15:36:26","date_gmt":"2013-06-04T14:36:26","guid":{"rendered":"http:\/\/www.jetest.be\/stiritup\/?page_id=15"},"modified":"2016-11-17T10:33:53","modified_gmt":"2016-11-17T09:33:53","slug":"a-propos-de-nous","status":"publish","type":"page","link":"https:\/\/www.stiritup.be\/cocktail\/a-propos-de-nous\/","title":{"rendered":"A propos de nous"},"content":{"rendered":"<div class=\"table-1\">\n<h2><span style=\"color: #99cc00;\">Avec <strong>Stir it Up<\/strong>, notre ambition est de vous faire partager notre passion de l\u2019univers des cocktails en vous proposant des prestations personnalisables jusqu\u2019au moindre d\u00e9tail. C\u2019est pourquoi nous passons du temps avec vous pour mieux comprendre vos envies et objectifs et vous proposer la solution cocktail la plus adapt\u00e9e.<\/span><\/h2>\n<h3>Sur le march\u00e9, l\u2019approche de Stir it Up se distingue par<\/h3>\n<ul>\n<li><strong><span style=\"color: #99cc00;\">Notre passion des saveurs\u00a0et respect des produits :<\/span><\/strong> nous travaillons avec des alcools de premi\u00e8re qualit\u00e9 et marques de r\u00e9f\u00e9rence, et quasi tous nos cocktails sont r\u00e9alis\u00e9s \u00e0 base de fruits frais.<\/li>\n<li><strong><span style=\"color: #99cc00;\">Notre connaissance de la <a title=\"Mixologie\" href=\"http:\/\/www.stiritup.be\/cocktail\/mixologie\/\">mixologie<\/a> et respect de la tradition du cocktail\u00a0:<\/span><\/strong> qu\u2019il s\u2019agisse de cr\u00e9ation d\u2019un cocktail original pour votre \u00e9v\u00e9nement, ou de classiques r\u00e9alis\u00e9s dans les r\u00e8gles de l\u2019art, nous mettons un point d\u2019honneur \u00e0 honorer l\u2019esprit dans lequel un cocktail a \u00e9t\u00e9 cr\u00e9e. Nous nous faisons d\u2019ailleurs un plaisir de partager l\u2019histoire d\u2019un cocktail (et autre anecdotes\u2026) avec les convives int\u00e9ress\u00e9s.<\/li>\n<li><strong><span style=\"color: #99cc00;\">Notre savoir-faire dans la manipulation des produits\u00a0:<\/span><\/strong> tous nos barmen sont form\u00e9s au respect des routines de travail du bartending classique tel qu\u2019il a cours derri\u00e8re les bars les plus r\u00e9put\u00e9s, en ce compris la manipulation ad\u00e9quate des produits, l\u2019utilisation du <a title=\"Mat\u00e9riel pour r\u00e9aliser des cocktails\" href=\"http:\/\/www.stiritup.be\/cocktail\/materiel-pour-realiser-des-cocktails\/\">mat\u00e9riel<\/a> professionnel sp\u00e9cialis\u00e9, et le recours aux innovations techniques les plus r\u00e9centes (ex\u00a0: <a title=\"Mixologie\" href=\"http:\/\/www.stiritup.be\/cocktail\/mixologie\/\">mixologie mol\u00e9culaire<\/a>).<\/li>\n<li><strong><span style=\"color: #99cc00;\">Notre style dans la pr\u00e9paration des boissons (working flair) :<\/span><\/strong> le \u00ab\u00a0working flair\u00a0\u00bb (ou \u00ab\u00a0flair-bartending\u00a0\u00bb) est l\u2019art de r\u00e9aliser les cocktails en jonglant avec les bouteilles, verres, gla\u00e7ons et autres instruments du bar.<\/li>\n<\/ul>\n<div class=\"fusion-fullwidth fullwidth-box fusion-builder-row-1 hundred-percent-fullwidth non-hundred-percent-height-scrolling\" style=\"--awb-border-radius-top-left:0px;--awb-border-radius-top-right:0px;--awb-border-radius-bottom-right:0px;--awb-border-radius-bottom-left:0px;--awb-overflow:visible;--awb-flex-wrap:wrap;\" ><div class=\"fusion-builder-row fusion-row\"><div class=\"fusion-layout-column fusion_builder_column fusion-builder-column-0 fusion_builder_column_1_1 1_1 fusion-one-full fusion-column-first fusion-column-last fusion-column-no-min-height\" style=\"--awb-bg-size:cover;--awb-margin-bottom:0px;\"><div class=\"fusion-column-wrapper fusion-flex-column-wrapper-legacy\"><div class=\"fusion-button-wrapper\"><a class=\"fusion-button button-flat button-large or small button-e.g. green fusion-button-e.g. green button-1 fusion-button-default-span fusion-button-default-type\" target=\"_parent\" href=\"\/cocktail\/a-propos-de-nous\/cocktail-lequipe-stir-it-up\/\"><span class=\"fusion-button-text\">Notre \u00e9quipe<\/span><\/a><\/div>\n<div class=\"fusion-button-wrapper\"><a class=\"fusion-button button-flat button-large or small button-e.g. green fusion-button-e.g. green button-2 fusion-button-default-span fusion-button-default-type\" target=\"_parent\" href=\"\/cocktail\/contact\/jobs-emploi-barman-barmaid\/\"><span class=\"fusion-button-text\">Jobs &#8211; emploi<\/span><\/a><\/div>\n<\/div>\n<div class=\"fusion-clearfix\"><\/div><\/div><\/div><\/div><\/div>\n","protected":false},"excerpt":{"rendered":"<p>Avec Stir it Up, notre ambition est de vous faire partager notre passion de l\u2019univers des cocktails en vous proposant des prestations personnalisables jusqu\u2019au moindre d\u00e9tail. C\u2019est pourquoi nous passons [&hellip;]<\/p>\n","protected":false},"author":3,"featured_media":0,"parent":0,"menu_order":2,"comment_status":"closed","ping_status":"closed","template":"full-width.php","meta":{"footnotes":""},"yoast_head":"<!-- This site is optimized with the Yoast SEO plugin v21.4 - https:\/\/yoast.com\/wordpress\/plugins\/seo\/ -->\n<title>A propos de nous - Stir It Up - Cocktail<\/title>\n<meta name=\"robots\" content=\"index, follow, max-snippet:-1, max-image-preview:large, max-video-preview:-1\" \/>\n<link rel=\"canonical\" href=\"https:\/\/www.stiritup.be\/cocktail\/a-propos-de-nous\/\" \/>\n<meta property=\"og:locale\" content=\"en_US\" \/>\n<meta property=\"og:type\" content=\"article\" \/>\n<meta property=\"og:title\" content=\"A propos de nous - Stir It Up - Cocktail\" \/>\n<meta property=\"og:description\" content=\"Avec Stir it Up, notre ambition est de vous faire partager notre passion de l\u2019univers des cocktails en vous proposant des prestations personnalisables jusqu\u2019au moindre d\u00e9tail. C\u2019est pourquoi nous passons [&hellip;]\" \/>\n<meta property=\"og:url\" content=\"https:\/\/www.stiritup.be\/cocktail\/a-propos-de-nous\/\" \/>\n<meta property=\"og:site_name\" content=\"Stir It Up - Cocktail\" \/>\n<meta property=\"article:publisher\" content=\"https:\/\/www.facebook.com\/StiritupCocktails\" \/>\n<meta property=\"article:modified_time\" content=\"2016-11-17T09:33:53+00:00\" \/>\n<meta name=\"twitter:label1\" content=\"Est. reading time\" \/>\n\t<meta name=\"twitter:data1\" content=\"2 minutes\" \/>\n<script type=\"application\/ld+json\" class=\"yoast-schema-graph\">{\"@context\":\"https:\/\/schema.org\",\"@graph\":[{\"@type\":\"WebPage\",\"@id\":\"https:\/\/www.stiritup.be\/cocktail\/a-propos-de-nous\/\",\"url\":\"https:\/\/www.stiritup.be\/cocktail\/a-propos-de-nous\/\",\"name\":\"A propos de nous - Stir It Up - Cocktail\",\"isPartOf\":{\"@id\":\"https:\/\/www.stiritup.be\/cocktail\/#website\"},\"datePublished\":\"2013-06-04T14:36:26+00:00\",\"dateModified\":\"2016-11-17T09:33:53+00:00\",\"breadcrumb\":{\"@id\":\"https:\/\/www.stiritup.be\/cocktail\/a-propos-de-nous\/#breadcrumb\"},\"inLanguage\":\"en-US\",\"potentialAction\":[{\"@type\":\"ReadAction\",\"target\":[\"https:\/\/www.stiritup.be\/cocktail\/a-propos-de-nous\/\"]}]},{\"@type\":\"BreadcrumbList\",\"@id\":\"https:\/\/www.stiritup.be\/cocktail\/a-propos-de-nous\/#breadcrumb\",\"itemListElement\":[{\"@type\":\"ListItem\",\"position\":1,\"name\":\"Home\",\"item\":\"https:\/\/www.stiritup.be\/cocktail\/\"},{\"@type\":\"ListItem\",\"position\":2,\"name\":\"A propos de nous\"}]},{\"@type\":\"WebSite\",\"@id\":\"https:\/\/www.stiritup.be\/cocktail\/#website\",\"url\":\"https:\/\/www.stiritup.be\/cocktail\/\",\"name\":\"Stir It Up - Cocktail\",\"description\":\"Cocktails bartending\",\"potentialAction\":[{\"@type\":\"SearchAction\",\"target\":{\"@type\":\"EntryPoint\",\"urlTemplate\":\"https:\/\/www.stiritup.be\/cocktail\/?s={search_term_string}\"},\"query-input\":\"required name=search_term_string\"}],\"inLanguage\":\"en-US\"}]}<\/script>\n<!-- \/ Yoast SEO plugin. -->","yoast_head_json":{"title":"A propos de nous - Stir It Up - Cocktail","robots":{"index":"index","follow":"follow","max-snippet":"max-snippet:-1","max-image-preview":"max-image-preview:large","max-video-preview":"max-video-preview:-1"},"canonical":"https:\/\/www.stiritup.be\/cocktail\/a-propos-de-nous\/","og_locale":"en_US","og_type":"article","og_title":"A propos de nous - Stir It Up - Cocktail","og_description":"Avec Stir it Up, notre ambition est de vous faire partager notre passion de l\u2019univers des cocktails en vous proposant des prestations personnalisables jusqu\u2019au moindre d\u00e9tail. C\u2019est pourquoi nous passons [&hellip;]","og_url":"https:\/\/www.stiritup.be\/cocktail\/a-propos-de-nous\/","og_site_name":"Stir It Up - Cocktail","article_publisher":"https:\/\/www.facebook.com\/StiritupCocktails","article_modified_time":"2016-11-17T09:33:53+00:00","twitter_misc":{"Est. reading time":"2 minutes"},"schema":{"@context":"https:\/\/schema.org","@graph":[{"@type":"WebPage","@id":"https:\/\/www.stiritup.be\/cocktail\/a-propos-de-nous\/","url":"https:\/\/www.stiritup.be\/cocktail\/a-propos-de-nous\/","name":"A propos de nous - Stir It Up - Cocktail","isPartOf":{"@id":"https:\/\/www.stiritup.be\/cocktail\/#website"},"datePublished":"2013-06-04T14:36:26+00:00","dateModified":"2016-11-17T09:33:53+00:00","breadcrumb":{"@id":"https:\/\/www.stiritup.be\/cocktail\/a-propos-de-nous\/#breadcrumb"},"inLanguage":"en-US","potentialAction":[{"@type":"ReadAction","target":["https:\/\/www.stiritup.be\/cocktail\/a-propos-de-nous\/"]}]},{"@type":"BreadcrumbList","@id":"https:\/\/www.stiritup.be\/cocktail\/a-propos-de-nous\/#breadcrumb","itemListElement":[{"@type":"ListItem","position":1,"name":"Home","item":"https:\/\/www.stiritup.be\/cocktail\/"},{"@type":"ListItem","position":2,"name":"A propos de nous"}]},{"@type":"WebSite","@id":"https:\/\/www.stiritup.be\/cocktail\/#website","url":"https:\/\/www.stiritup.be\/cocktail\/","name":"Stir It Up - Cocktail","description":"Cocktails bartending","potentialAction":[{"@type":"SearchAction","target":{"@type":"EntryPoint","urlTemplate":"https:\/\/www.stiritup.be\/cocktail\/?s={search_term_string}"},"query-input":"required name=search_term_string"}],"inLanguage":"en-US"}]}},"_links":{"self":[{"href":"https:\/\/www.stiritup.be\/cocktail\/wp-json\/wp\/v2\/pages\/666"}],"collection":[{"href":"https:\/\/www.stiritup.be\/cocktail\/wp-json\/wp\/v2\/pages"}],"about":[{"href":"https:\/\/www.stiritup.be\/cocktail\/wp-json\/wp\/v2\/types\/page"}],"author":[{"embeddable":true,"href":"https:\/\/www.stiritup.be\/cocktail\/wp-json\/wp\/v2\/users\/3"}],"replies":[{"embeddable":true,"href":"https:\/\/www.stiritup.be\/cocktail\/wp-json\/wp\/v2\/comments?post=666"}],"version-history":[{"count":0,"href":"https:\/\/www.stiritup.be\/cocktail\/wp-json\/wp\/v2\/pages\/666\/revisions"}],"wp:attachment":[{"href":"https:\/\/www.stiritup.be\/cocktail\/wp-json\/wp\/v2\/media?parent=666"}],"curies":[{"name":"wp","href":"https:\/\/api.w.org\/{rel}","templated":true}]}}