{"id":665,"date":"2013-06-04T15:35:54","date_gmt":"2013-06-04T14:35:54","guid":{"rendered":"http:\/\/www.jetest.be\/stiritup\/?page_id=13"},"modified":"2016-11-17T10:33:53","modified_gmt":"2016-11-17T09:33:53","slug":"home","status":"publish","type":"page","link":"https:\/\/www.stiritup.be\/cocktail\/","title":{"rendered":"Home"},"content":{"rendered":"<h2 style=\"text-align: center;\"><span style=\"color: #99cc00;\">Sp\u00e9cialiste du <strong>bar \u00e0 <a title=\"Bar \u00e0 cocktails \u00e0 domicile\" href=\"http:\/\/www.stiritup.be\/cocktail\/bar-a-cocktails-pour-particuliers\/bar-cocktail-a-domicile\/\">cocktails \u00e0 domicile<\/a>, Stir it Up <\/strong>enrichit vos<strong> <a title=\"Bar \u00e0 cocktails pour particuliers\" href=\"http:\/\/www.stiritup.be\/cocktail\/bar-a-cocktails-pour-particuliers\/\">\u00e9v\u00e8nements priv\u00e9s<\/a> <\/strong>ou<strong> <a title=\"Bar \u00e0 cocktails pour entreprises et \u00e9v\u00e8nements professionnels\" href=\"http:\/\/www.stiritup.be\/cocktail\/bar-a-cocktails-entreprises-evenements-professionels\/\">professionnels<\/a><\/strong> avec des solutions cocktails adapt\u00e9es \u00e0 vos besoins. <\/span><\/h2>\n","protected":false},"excerpt":{"rendered":"<p>Sp\u00e9cialiste du bar \u00e0 cocktails \u00e0 domicile, Stir it Up enrichit vos \u00e9v\u00e8nements priv\u00e9s ou professionnels avec des solutions cocktails adapt\u00e9es \u00e0 vos besoins.<\/p>\n","protected":false},"author":3,"featured_media":0,"parent":0,"menu_order":1,"comment_status":"closed","ping_status":"closed","template":"","meta":{"footnotes":""},"yoast_head":"<!-- This site is optimized with the Yoast SEO plugin v21.4 - https:\/\/yoast.com\/wordpress\/plugins\/seo\/ -->\n<title>Stir it up - sp\u00e9cialiste du bar \u00e0 cocktail \u00e0 domicile ou \u00e9v\u00e8nementiel<\/title>\n<meta name=\"robots\" content=\"index, follow, max-snippet:-1, max-image-preview:large, max-video-preview:-1\" \/>\n<link rel=\"canonical\" href=\"https:\/\/www.stiritup.be\/cocktail\/\" \/>\n<meta property=\"og:locale\" content=\"en_US\" \/>\n<meta property=\"og:type\" content=\"article\" \/>\n<meta property=\"og:title\" content=\"Stir it up - sp\u00e9cialiste du bar \u00e0 cocktail \u00e0 domicile ou \u00e9v\u00e8nementiel\" \/>\n<meta property=\"og:description\" content=\"Sp\u00e9cialiste du bar \u00e0 cocktails \u00e0 domicile, Stir it Up enrichit vos \u00e9v\u00e8nements priv\u00e9s ou professionnels avec des solutions cocktails adapt\u00e9es \u00e0 vos besoins.\" \/>\n<meta property=\"og:url\" content=\"https:\/\/www.stiritup.be\/cocktail\/\" \/>\n<meta property=\"og:site_name\" content=\"Stir It Up - Cocktail\" \/>\n<meta property=\"article:publisher\" content=\"https:\/\/www.facebook.com\/StiritupCocktails\" \/>\n<meta property=\"article:modified_time\" content=\"2016-11-17T09:33:53+00:00\" \/>\n<script type=\"application\/ld+json\" class=\"yoast-schema-graph\">{\"@context\":\"https:\/\/schema.org\",\"@graph\":[{\"@type\":\"WebPage\",\"@id\":\"https:\/\/www.stiritup.be\/cocktail\/\",\"url\":\"https:\/\/www.stiritup.be\/cocktail\/\",\"name\":\"Stir it up - sp\u00e9cialiste du bar \u00e0 cocktail \u00e0 domicile ou \u00e9v\u00e8nementiel\",\"isPartOf\":{\"@id\":\"https:\/\/www.stiritup.be\/cocktail\/#website\"},\"datePublished\":\"2013-06-04T14:35:54+00:00\",\"dateModified\":\"2016-11-17T09:33:53+00:00\",\"breadcrumb\":{\"@id\":\"https:\/\/www.stiritup.be\/cocktail\/#breadcrumb\"},\"inLanguage\":\"en-US\",\"potentialAction\":[{\"@type\":\"ReadAction\",\"target\":[\"https:\/\/www.stiritup.be\/cocktail\/\"]}]},{\"@type\":\"BreadcrumbList\",\"@id\":\"https:\/\/www.stiritup.be\/cocktail\/#breadcrumb\",\"itemListElement\":[{\"@type\":\"ListItem\",\"position\":1,\"name\":\"Home\",\"item\":\"https:\/\/www.stiritup.be\/cocktail\/\"},{\"@type\":\"ListItem\",\"position\":2,\"name\":\"Home\"}]},{\"@type\":\"WebSite\",\"@id\":\"https:\/\/www.stiritup.be\/cocktail\/#website\",\"url\":\"https:\/\/www.stiritup.be\/cocktail\/\",\"name\":\"Stir It Up - Cocktail\",\"description\":\"Cocktails bartending\",\"potentialAction\":[{\"@type\":\"SearchAction\",\"target\":{\"@type\":\"EntryPoint\",\"urlTemplate\":\"https:\/\/www.stiritup.be\/cocktail\/?s={search_term_string}\"},\"query-input\":\"required name=search_term_string\"}],\"inLanguage\":\"en-US\"}]}<\/script>\n<!-- \/ Yoast SEO plugin. -->","yoast_head_json":{"title":"Stir it up - sp\u00e9cialiste du bar \u00e0 cocktail \u00e0 domicile ou \u00e9v\u00e8nementiel","robots":{"index":"index","follow":"follow","max-snippet":"max-snippet:-1","max-image-preview":"max-image-preview:large","max-video-preview":"max-video-preview:-1"},"canonical":"https:\/\/www.stiritup.be\/cocktail\/","og_locale":"en_US","og_type":"article","og_title":"Stir it up - sp\u00e9cialiste du bar \u00e0 cocktail \u00e0 domicile ou \u00e9v\u00e8nementiel","og_description":"Sp\u00e9cialiste du bar \u00e0 cocktails \u00e0 domicile, Stir it Up enrichit vos \u00e9v\u00e8nements priv\u00e9s ou professionnels avec des solutions cocktails adapt\u00e9es \u00e0 vos besoins.","og_url":"https:\/\/www.stiritup.be\/cocktail\/","og_site_name":"Stir It Up - Cocktail","article_publisher":"https:\/\/www.facebook.com\/StiritupCocktails","article_modified_time":"2016-11-17T09:33:53+00:00","schema":{"@context":"https:\/\/schema.org","@graph":[{"@type":"WebPage","@id":"https:\/\/www.stiritup.be\/cocktail\/","url":"https:\/\/www.stiritup.be\/cocktail\/","name":"Stir it up - sp\u00e9cialiste du bar \u00e0 cocktail \u00e0 domicile ou \u00e9v\u00e8nementiel","isPartOf":{"@id":"https:\/\/www.stiritup.be\/cocktail\/#website"},"datePublished":"2013-06-04T14:35:54+00:00","dateModified":"2016-11-17T09:33:53+00:00","breadcrumb":{"@id":"https:\/\/www.stiritup.be\/cocktail\/#breadcrumb"},"inLanguage":"en-US","potentialAction":[{"@type":"ReadAction","target":["https:\/\/www.stiritup.be\/cocktail\/"]}]},{"@type":"BreadcrumbList","@id":"https:\/\/www.stiritup.be\/cocktail\/#breadcrumb","itemListElement":[{"@type":"ListItem","position":1,"name":"Home","item":"https:\/\/www.stiritup.be\/cocktail\/"},{"@type":"ListItem","position":2,"name":"Home"}]},{"@type":"WebSite","@id":"https:\/\/www.stiritup.be\/cocktail\/#website","url":"https:\/\/www.stiritup.be\/cocktail\/","name":"Stir It Up - Cocktail","description":"Cocktails bartending","potentialAction":[{"@type":"SearchAction","target":{"@type":"EntryPoint","urlTemplate":"https:\/\/www.stiritup.be\/cocktail\/?s={search_term_string}"},"query-input":"required name=search_term_string"}],"inLanguage":"en-US"}]}},"_links":{"self":[{"href":"https:\/\/www.stiritup.be\/cocktail\/wp-json\/wp\/v2\/pages\/665"}],"collection":[{"href":"https:\/\/www.stiritup.be\/cocktail\/wp-json\/wp\/v2\/pages"}],"about":[{"href":"https:\/\/www.stiritup.be\/cocktail\/wp-json\/wp\/v2\/types\/page"}],"author":[{"embeddable":true,"href":"https:\/\/www.stiritup.be\/cocktail\/wp-json\/wp\/v2\/users\/3"}],"replies":[{"embeddable":true,"href":"https:\/\/www.stiritup.be\/cocktail\/wp-json\/wp\/v2\/comments?post=665"}],"version-history":[{"count":0,"href":"https:\/\/www.stiritup.be\/cocktail\/wp-json\/wp\/v2\/pages\/665\/revisions"}],"wp:attachment":[{"href":"https:\/\/www.stiritup.be\/cocktail\/wp-json\/wp\/v2\/media?parent=665"}],"curies":[{"name":"wp","href":"https:\/\/api.w.org\/{rel}","templated":true}]}}