{"id":410,"date":"2013-10-03T13:37:25","date_gmt":"2013-10-03T12:37:25","guid":{"rendered":"http:\/\/www.jetest.be\/stiritup\/?page_id=410"},"modified":"2016-11-17T10:33:52","modified_gmt":"2016-11-17T09:33:52","slug":"location-de-materiel-livraison-de-cocktails","status":"publish","type":"page","link":"https:\/\/www.stiritup.be\/cocktail\/bar-a-cocktails-pour-particuliers\/location-de-materiel-livraison-de-cocktails\/","title":{"rendered":"Location de mat\u00e9riel &#038; livraison de cocktails"},"content":{"rendered":"<h2><b>Location de mat\u00e9riel &amp; livraison de cocktails<\/b><b><\/b><\/h2>\n<p><img decoding=\"async\" class=\"alignleft wp-image-2241 size-thumbnail\" src=\"https:\/\/www.stiritup.be\/cocktail\/wp-content\/uploads\/2015\/01\/Cocktails-Stir-it-Up-fot-Bellerose-2-150x150.jpg\" alt=\"Valise barman cocktail\" width=\"150\" height=\"150\" srcset=\"https:\/\/www.stiritup.be\/cocktail\/wp-content\/uploads\/2015\/01\/Cocktails-Stir-it-Up-fot-Bellerose-2-66x66.jpg 66w, https:\/\/www.stiritup.be\/cocktail\/wp-content\/uploads\/2015\/01\/Cocktails-Stir-it-Up-fot-Bellerose-2-150x150.jpg 150w, https:\/\/www.stiritup.be\/cocktail\/wp-content\/uploads\/2015\/01\/Cocktails-Stir-it-Up-fot-Bellerose-2.jpg 750w\" sizes=\"(max-width: 150px) 100vw, 150px\" \/>\u00a0\u00a0<img decoding=\"async\" class=\"alignright wp-image-2242 size-thumbnail\" src=\"https:\/\/www.stiritup.be\/cocktail\/wp-content\/uploads\/2015\/01\/Cocktails-Stir-it-Up-fot-Bellerose-3-150x150.jpg\" alt=\"Ingr\u00e9dients cocktails menthe\" width=\"150\" height=\"150\" srcset=\"https:\/\/www.stiritup.be\/cocktail\/wp-content\/uploads\/2015\/01\/Cocktails-Stir-it-Up-fot-Bellerose-3-66x66.jpg 66w, https:\/\/www.stiritup.be\/cocktail\/wp-content\/uploads\/2015\/01\/Cocktails-Stir-it-Up-fot-Bellerose-3-150x150.jpg 150w, https:\/\/www.stiritup.be\/cocktail\/wp-content\/uploads\/2015\/01\/Cocktails-Stir-it-Up-fot-Bellerose-3.jpg 750w\" sizes=\"(max-width: 150px) 100vw, 150px\" \/><\/p>\n<p>Stir it Up met \u00e0 votre disposition son <a title=\"Mat\u00e9riel pour r\u00e9aliser des cocktails\" href=\"http:\/\/www.stiritup.be\/cocktail\/materiel-pour-realiser-des-cocktails\/\">mat\u00e9riel<\/a> professionnel dans le cadre d\u2019une location pour votre soir\u00e9e \u00e0 domicile. Vous disposez ainsi d\u2019une structure de bar avec tout le mat\u00e9riel et les ingr\u00e9dients n\u00e9cessaires, et plusieurs recettes pour que vous r\u00e9alisiez vous-m\u00eame vos cocktails favoris (verreries, alcools, <a title=\"Pr\u00e9mix\" href=\"http:\/\/www.stiritup.be\/cocktail\/premix\/\"><span style=\"color: #ffff00;\"><strong>pr\u00e9mixes<\/strong><\/span><\/a>, softs, glace, shakers, d\u00e9corations\u2026). Le mat\u00e9riel et les produits sont livr\u00e9s, install\u00e9s et r\u00e9cup\u00e9r\u00e9s \u00e0 votre meilleure convenance. Pour vos plus petits \u00e9v\u00e9nements, Stir it Up peut \u00e9galement vous livrer \u00e0 domicile le mat\u00e9riel et les ingr\u00e9dients sans la structure de bar.<\/p>\n<p>Une formule particuli\u00e8rement appr\u00e9ci\u00e9e est celle qui combine la prestation de notre barman pour l\u2019ap\u00e9ritif cocktail (<a title=\"Bar \u00e0 cocktails \u00e0 domicile\" href=\"http:\/\/www.stiritup.be\/cocktail\/bar-a-cocktails-pour-particuliers\/bar-cocktail-a-domicile\/\"><strong><span style=\"color: #99cc00;\">Bar \u00e0 domicile<\/span><\/strong><\/a>). Tout en vous pr\u00e9parant de d\u00e9licieux cocktails, ce dernier \u00a0vous montre bri\u00e8vement les \u00e9tapes cl\u00e9s et manipulations de base des recettes qui vous int\u00e9ressent, et vous laisse ensuite les recettes, le mat\u00e9riel et tous les ingr\u00e9dients \u00e0 disposition pour que vous vous pr\u00e9pariez vous-m\u00eames vos cocktails favoris tout le reste de la soir\u00e9e. La formule id\u00e9ale pour une soir\u00e9e festive entre amis\u00a0!<\/p>\n<p>Qui sait\u00a0? Peut-\u00eatre cette premi\u00e8re exp\u00e9rience avec nos pr\u00e9mixes vous donnera envie de d\u00e9velopper vos talents de barman. Avez-vous pens\u00e9 \u00e0 la formule <a title=\"Ateliers cocktails\" href=\"http:\/\/www.stiritup.be\/cocktail\/bar-a-cocktails-pour-particuliers\/ateliers-cocktails\/\"><strong>Atelier cocktails<\/strong><\/a> ?<\/p>\n<div class=\"fusion-fullwidth fullwidth-box fusion-builder-row-1 hundred-percent-fullwidth non-hundred-percent-height-scrolling\" style=\"--awb-border-radius-top-left:0px;--awb-border-radius-top-right:0px;--awb-border-radius-bottom-right:0px;--awb-border-radius-bottom-left:0px;--awb-overflow:visible;--awb-flex-wrap:wrap;\" ><div class=\"fusion-builder-row fusion-row\"><div class=\"fusion-layout-column fusion_builder_column fusion-builder-column-0 fusion_builder_column_1_1 1_1 fusion-one-full fusion-column-first fusion-column-last fusion-column-no-min-height\" style=\"--awb-bg-size:cover;--awb-margin-bottom:0px;\"><div class=\"fusion-column-wrapper fusion-flex-column-wrapper-legacy\"><div class=\"fusion-button-wrapper\"><a class=\"fusion-button button-flat button-large or small button-e.g. green fusion-button-e.g. green button-1 fusion-button-default-span fusion-button-default-type\" target=\"_parent\" href=\"\/cocktail\/contact\/\"><span class=\"fusion-button-text\">Contactez-nous<\/span><\/a><\/div>\n<h4><a title=\"T\u00e9moignages\" href=\"http:\/\/www.stiritup.be\/cocktail\/temoignages-cocktails\/\"><span style=\"color: #99cc00;\"><span style=\"color: #99cc00;\">T\u00e9moignages\u2026<\/span><\/span><\/a><\/h4>\n<div class=\"fusion-clearfix\"><\/div><\/div><\/div><\/div><\/div>\n","protected":false},"excerpt":{"rendered":"<p>Location de mat\u00e9riel &amp; livraison de cocktails \u00a0\u00a0 Stir it Up met \u00e0 votre disposition son mat\u00e9riel professionnel dans le cadre d\u2019une location pour votre soir\u00e9e \u00e0 domicile. Vous disposez [&hellip;]<\/p>\n","protected":false},"author":3,"featured_media":0,"parent":90,"menu_order":0,"comment_status":"closed","ping_status":"closed","template":"","meta":{"footnotes":""},"yoast_head":"<!-- This site is optimized with the Yoast SEO plugin v21.4 - https:\/\/yoast.com\/wordpress\/plugins\/seo\/ -->\n<title>Location de mat\u00e9riel &amp; livraison de cocktails - Stir It Up - Cocktail<\/title>\n<meta name=\"robots\" content=\"index, follow, max-snippet:-1, max-image-preview:large, max-video-preview:-1\" \/>\n<link rel=\"canonical\" href=\"https:\/\/www.stiritup.be\/cocktail\/bar-a-cocktails-pour-particuliers\/location-de-materiel-livraison-de-cocktails\/\" \/>\n<meta property=\"og:locale\" content=\"en_US\" \/>\n<meta property=\"og:type\" content=\"article\" \/>\n<meta property=\"og:title\" content=\"Location de mat\u00e9riel &amp; livraison de cocktails - Stir It Up - Cocktail\" \/>\n<meta property=\"og:description\" content=\"Location de mat\u00e9riel &amp; livraison de cocktails \u00a0\u00a0 Stir it Up met \u00e0 votre disposition son mat\u00e9riel professionnel dans le cadre d\u2019une location pour votre soir\u00e9e \u00e0 domicile. Vous disposez [&hellip;]\" \/>\n<meta property=\"og:url\" content=\"https:\/\/www.stiritup.be\/cocktail\/bar-a-cocktails-pour-particuliers\/location-de-materiel-livraison-de-cocktails\/\" \/>\n<meta property=\"og:site_name\" content=\"Stir It Up - Cocktail\" \/>\n<meta property=\"article:publisher\" content=\"https:\/\/www.facebook.com\/StiritupCocktails\" \/>\n<meta property=\"article:modified_time\" content=\"2016-11-17T09:33:52+00:00\" \/>\n<meta property=\"og:image\" content=\"http:\/\/www.stiritup.be\/cocktail\/wp-content\/uploads\/2015\/01\/Cocktails-Stir-it-Up-fot-Bellerose-2-150x150.jpg\" \/>\n<meta name=\"twitter:label1\" content=\"Est. reading time\" \/>\n\t<meta name=\"twitter:data1\" content=\"2 minutes\" \/>\n<script type=\"application\/ld+json\" class=\"yoast-schema-graph\">{\"@context\":\"https:\/\/schema.org\",\"@graph\":[{\"@type\":\"WebPage\",\"@id\":\"https:\/\/www.stiritup.be\/cocktail\/bar-a-cocktails-pour-particuliers\/location-de-materiel-livraison-de-cocktails\/\",\"url\":\"https:\/\/www.stiritup.be\/cocktail\/bar-a-cocktails-pour-particuliers\/location-de-materiel-livraison-de-cocktails\/\",\"name\":\"Location de mat\u00e9riel & livraison de cocktails - Stir It Up - Cocktail\",\"isPartOf\":{\"@id\":\"https:\/\/www.stiritup.be\/cocktail\/#website\"},\"datePublished\":\"2013-10-03T12:37:25+00:00\",\"dateModified\":\"2016-11-17T09:33:52+00:00\",\"breadcrumb\":{\"@id\":\"https:\/\/www.stiritup.be\/cocktail\/bar-a-cocktails-pour-particuliers\/location-de-materiel-livraison-de-cocktails\/#breadcrumb\"},\"inLanguage\":\"en-US\",\"potentialAction\":[{\"@type\":\"ReadAction\",\"target\":[\"https:\/\/www.stiritup.be\/cocktail\/bar-a-cocktails-pour-particuliers\/location-de-materiel-livraison-de-cocktails\/\"]}]},{\"@type\":\"BreadcrumbList\",\"@id\":\"https:\/\/www.stiritup.be\/cocktail\/bar-a-cocktails-pour-particuliers\/location-de-materiel-livraison-de-cocktails\/#breadcrumb\",\"itemListElement\":[{\"@type\":\"ListItem\",\"position\":1,\"name\":\"Home\",\"item\":\"https:\/\/www.stiritup.be\/cocktail\/\"},{\"@type\":\"ListItem\",\"position\":2,\"name\":\"Bar \u00e0 cocktails pour particuliers\",\"item\":\"https:\/\/www.stiritup.be\/cocktail\/bar-a-cocktails-pour-particuliers\/\"},{\"@type\":\"ListItem\",\"position\":3,\"name\":\"Location de mat\u00e9riel &#038; livraison de cocktails\"}]},{\"@type\":\"WebSite\",\"@id\":\"https:\/\/www.stiritup.be\/cocktail\/#website\",\"url\":\"https:\/\/www.stiritup.be\/cocktail\/\",\"name\":\"Stir It Up - Cocktail\",\"description\":\"Cocktails bartending\",\"potentialAction\":[{\"@type\":\"SearchAction\",\"target\":{\"@type\":\"EntryPoint\",\"urlTemplate\":\"https:\/\/www.stiritup.be\/cocktail\/?s={search_term_string}\"},\"query-input\":\"required name=search_term_string\"}],\"inLanguage\":\"en-US\"}]}<\/script>\n<!-- \/ Yoast SEO plugin. -->","yoast_head_json":{"title":"Location de mat\u00e9riel & livraison de cocktails - Stir It Up - Cocktail","robots":{"index":"index","follow":"follow","max-snippet":"max-snippet:-1","max-image-preview":"max-image-preview:large","max-video-preview":"max-video-preview:-1"},"canonical":"https:\/\/www.stiritup.be\/cocktail\/bar-a-cocktails-pour-particuliers\/location-de-materiel-livraison-de-cocktails\/","og_locale":"en_US","og_type":"article","og_title":"Location de mat\u00e9riel & livraison de cocktails - Stir It Up - Cocktail","og_description":"Location de mat\u00e9riel &amp; livraison de cocktails \u00a0\u00a0 Stir it Up met \u00e0 votre disposition son mat\u00e9riel professionnel dans le cadre d\u2019une location pour votre soir\u00e9e \u00e0 domicile. Vous disposez [&hellip;]","og_url":"https:\/\/www.stiritup.be\/cocktail\/bar-a-cocktails-pour-particuliers\/location-de-materiel-livraison-de-cocktails\/","og_site_name":"Stir It Up - Cocktail","article_publisher":"https:\/\/www.facebook.com\/StiritupCocktails","article_modified_time":"2016-11-17T09:33:52+00:00","og_image":[{"url":"http:\/\/www.stiritup.be\/cocktail\/wp-content\/uploads\/2015\/01\/Cocktails-Stir-it-Up-fot-Bellerose-2-150x150.jpg"}],"twitter_misc":{"Est. reading time":"2 minutes"},"schema":{"@context":"https:\/\/schema.org","@graph":[{"@type":"WebPage","@id":"https:\/\/www.stiritup.be\/cocktail\/bar-a-cocktails-pour-particuliers\/location-de-materiel-livraison-de-cocktails\/","url":"https:\/\/www.stiritup.be\/cocktail\/bar-a-cocktails-pour-particuliers\/location-de-materiel-livraison-de-cocktails\/","name":"Location de mat\u00e9riel & livraison de cocktails - Stir It Up - Cocktail","isPartOf":{"@id":"https:\/\/www.stiritup.be\/cocktail\/#website"},"datePublished":"2013-10-03T12:37:25+00:00","dateModified":"2016-11-17T09:33:52+00:00","breadcrumb":{"@id":"https:\/\/www.stiritup.be\/cocktail\/bar-a-cocktails-pour-particuliers\/location-de-materiel-livraison-de-cocktails\/#breadcrumb"},"inLanguage":"en-US","potentialAction":[{"@type":"ReadAction","target":["https:\/\/www.stiritup.be\/cocktail\/bar-a-cocktails-pour-particuliers\/location-de-materiel-livraison-de-cocktails\/"]}]},{"@type":"BreadcrumbList","@id":"https:\/\/www.stiritup.be\/cocktail\/bar-a-cocktails-pour-particuliers\/location-de-materiel-livraison-de-cocktails\/#breadcrumb","itemListElement":[{"@type":"ListItem","position":1,"name":"Home","item":"https:\/\/www.stiritup.be\/cocktail\/"},{"@type":"ListItem","position":2,"name":"Bar \u00e0 cocktails pour particuliers","item":"https:\/\/www.stiritup.be\/cocktail\/bar-a-cocktails-pour-particuliers\/"},{"@type":"ListItem","position":3,"name":"Location de mat\u00e9riel &#038; livraison de cocktails"}]},{"@type":"WebSite","@id":"https:\/\/www.stiritup.be\/cocktail\/#website","url":"https:\/\/www.stiritup.be\/cocktail\/","name":"Stir It Up - Cocktail","description":"Cocktails bartending","potentialAction":[{"@type":"SearchAction","target":{"@type":"EntryPoint","urlTemplate":"https:\/\/www.stiritup.be\/cocktail\/?s={search_term_string}"},"query-input":"required name=search_term_string"}],"inLanguage":"en-US"}]}},"_links":{"self":[{"href":"https:\/\/www.stiritup.be\/cocktail\/wp-json\/wp\/v2\/pages\/410"}],"collection":[{"href":"https:\/\/www.stiritup.be\/cocktail\/wp-json\/wp\/v2\/pages"}],"about":[{"href":"https:\/\/www.stiritup.be\/cocktail\/wp-json\/wp\/v2\/types\/page"}],"author":[{"embeddable":true,"href":"https:\/\/www.stiritup.be\/cocktail\/wp-json\/wp\/v2\/users\/3"}],"replies":[{"embeddable":true,"href":"https:\/\/www.stiritup.be\/cocktail\/wp-json\/wp\/v2\/comments?post=410"}],"version-history":[{"count":0,"href":"https:\/\/www.stiritup.be\/cocktail\/wp-json\/wp\/v2\/pages\/410\/revisions"}],"up":[{"embeddable":true,"href":"https:\/\/www.stiritup.be\/cocktail\/wp-json\/wp\/v2\/pages\/90"}],"wp:attachment":[{"href":"https:\/\/www.stiritup.be\/cocktail\/wp-json\/wp\/v2\/media?parent=410"}],"curies":[{"name":"wp","href":"https:\/\/api.w.org\/{rel}","templated":true}]}}