{"id":252,"date":"2013-09-12T13:32:35","date_gmt":"2013-09-12T12:32:35","guid":{"rendered":"http:\/\/www.jetest.be\/stiritup\/?page_id=252"},"modified":"2016-11-17T10:33:52","modified_gmt":"2016-11-17T09:33:52","slug":"receptions-evenements-cocktails","status":"publish","type":"page","link":"https:\/\/www.stiritup.be\/cocktail\/bar-a-cocktails-pour-particuliers\/receptions-evenements-cocktails\/","title":{"rendered":"R\u00e9ceptions &#038; \u00e9v\u00e8nements"},"content":{"rendered":"<h2>Bar \u00e0 cocktails pour r\u00e9ceptions et \u00e9v\u00e9nements priv\u00e9s<\/h2>\n<p>Mariage, anniversaire, fian\u00e7ailles, vin d\u2019honneur\u2026 quel que soit l\u2019\u00e9v\u00e9nement \u00e0 c\u00e9l\u00e9brer et son ampleur, Stir it Up a une solution cocktail sur mesure qui sublimera votre soir\u00e9e et en fera un moment unique !<\/p>\n<p><img decoding=\"async\" class=\"alignright wp-image-2245 size-thumbnail\" src=\"https:\/\/www.stiritup.be\/cocktail\/wp-content\/uploads\/2015\/01\/Cocktails-Stir-it-Up-fot-Bellerose-6-150x150.jpg\" alt=\"Cocktails Stir it Up \" width=\"150\" height=\"150\" srcset=\"https:\/\/www.stiritup.be\/cocktail\/wp-content\/uploads\/2015\/01\/Cocktails-Stir-it-Up-fot-Bellerose-6-66x66.jpg 66w, https:\/\/www.stiritup.be\/cocktail\/wp-content\/uploads\/2015\/01\/Cocktails-Stir-it-Up-fot-Bellerose-6-150x150.jpg 150w, https:\/\/www.stiritup.be\/cocktail\/wp-content\/uploads\/2015\/01\/Cocktails-Stir-it-Up-fot-Bellerose-6.jpg 750w\" sizes=\"(max-width: 150px) 100vw, 150px\" \/><\/p>\n<p><img decoding=\"async\" class=\"alignleft wp-image-2431 size-thumbnail\" src=\"https:\/\/www.stiritup.be\/cocktail\/wp-content\/uploads\/2015\/06\/Bar-\u00e0-Cocktails-Stir-it-Up-Lif\u00e9-Pharma-1-150x150.jpg\" alt=\"Bar \u00e0 Cocktails Stir it Up \" width=\"150\" height=\"150\" srcset=\"https:\/\/www.stiritup.be\/cocktail\/wp-content\/uploads\/2015\/06\/Bar-\u00e0-Cocktails-Stir-it-Up-Lif\u00e9-Pharma-1-66x66.jpg 66w, https:\/\/www.stiritup.be\/cocktail\/wp-content\/uploads\/2015\/06\/Bar-\u00e0-Cocktails-Stir-it-Up-Lif\u00e9-Pharma-1-150x150.jpg 150w, https:\/\/www.stiritup.be\/cocktail\/wp-content\/uploads\/2015\/06\/Bar-\u00e0-Cocktails-Stir-it-Up-Lif\u00e9-Pharma-1.jpg 281w\" sizes=\"(max-width: 150px) 100vw, 150px\" \/><\/p>\n<p>Vous ne vous occupez de rien : Stir it Up organise le bar de votre \u00e9v\u00e9nement de A \u00e0 Z ! De la carte de cocktail personnalis\u00e9e \u00e0 la structure de bar qui s\u2019accorde \u00e0 vos besoins aux niveaux logistique, visuel et th\u00e9matique, en passant par les animations de nos barmen jongleurs, les prestations de Stir it Up sont personnalisables jusqu\u2019au moindre\u00a0d\u00e9tail !<\/p>\n<p style=\"text-align: left;\">Pour cr\u00e9er votre carte de cocktails sur mesure, nous prenons en compte votre histoire et vos go\u00fbts, le th\u00e8me de votre soir\u00e9e, un \u00e9ventuel code couleur ou \u00ab dress code \u00bb, un type d\u2019alcool sp\u00e9cifique, les pr\u00e9f\u00e9rences de vos \u00a0convives\u2026 Une d\u00e9gustation priv\u00e9e est organis\u00e9e en amont pour vous donner l\u2019occasion de go\u00fbter et valider les cocktails propos\u00e9s sur votre carte personnalis\u00e9e.<\/p>\n<p style=\"text-align: left;\">Le plus facile\u00a0: confiez\u00a0\u00e0 Stir it Up\u00a0la prise en charge de toutes les boissons de votre \u00e9v\u00e9nement, la garantie d&#8217;un service sur mesure, avec professionnalisme et style !<\/p>\n<p style=\"text-align: left;\"><img decoding=\"async\" class=\"alignnone wp-image-2222 size-thumbnail\" src=\"https:\/\/www.stiritup.be\/cocktail\/wp-content\/uploads\/2015\/01\/Bar-cocktail-Stir-it-Up-Gastby-le-Magnifique-6-150x150.jpg\" alt=\"\" width=\"150\" height=\"150\" srcset=\"https:\/\/www.stiritup.be\/cocktail\/wp-content\/uploads\/2015\/01\/Bar-cocktail-Stir-it-Up-Gastby-le-Magnifique-6-66x66.jpg 66w, https:\/\/www.stiritup.be\/cocktail\/wp-content\/uploads\/2015\/01\/Bar-cocktail-Stir-it-Up-Gastby-le-Magnifique-6-150x150.jpg 150w, https:\/\/www.stiritup.be\/cocktail\/wp-content\/uploads\/2015\/01\/Bar-cocktail-Stir-it-Up-Gastby-le-Magnifique-6.jpg 600w\" sizes=\"(max-width: 150px) 100vw, 150px\" \/>\u00a0\u00a0<img decoding=\"async\" class=\"alignnone wp-image-2256 size-thumbnail\" src=\"https:\/\/www.stiritup.be\/cocktail\/wp-content\/uploads\/2015\/01\/Cocktails-Stir-it-Up-fot-Bellerose-11-150x150.jpg\" alt=\"\" width=\"150\" height=\"150\" srcset=\"https:\/\/www.stiritup.be\/cocktail\/wp-content\/uploads\/2015\/01\/Cocktails-Stir-it-Up-fot-Bellerose-11-66x66.jpg 66w, https:\/\/www.stiritup.be\/cocktail\/wp-content\/uploads\/2015\/01\/Cocktails-Stir-it-Up-fot-Bellerose-11-150x150.jpg 150w, https:\/\/www.stiritup.be\/cocktail\/wp-content\/uploads\/2015\/01\/Cocktails-Stir-it-Up-fot-Bellerose-11.jpg 304w\" sizes=\"(max-width: 150px) 100vw, 150px\" \/>\u00a0<a href=\"http:\/\/www.stiritup.be\/cocktail\/wp-content\/uploads\/2013\/09\/Bar-\u00e0-cocktails-Stir-it-Up-Mariage-1.jpg\">\u00a0<\/a><img decoding=\"async\" class=\"alignnone wp-image-2291 size-thumbnail\" src=\"https:\/\/www.stiritup.be\/cocktail\/wp-content\/uploads\/2015\/01\/Cocktails-Stir-it-Up-au-Elle-Beauty-Award-2015-6-150x150.jpg\" alt=\"\" width=\"150\" height=\"150\" srcset=\"https:\/\/www.stiritup.be\/cocktail\/wp-content\/uploads\/2015\/01\/Cocktails-Stir-it-Up-au-Elle-Beauty-Award-2015-6-66x66.jpg 66w, https:\/\/www.stiritup.be\/cocktail\/wp-content\/uploads\/2015\/01\/Cocktails-Stir-it-Up-au-Elle-Beauty-Award-2015-6-150x150.jpg 150w, https:\/\/www.stiritup.be\/cocktail\/wp-content\/uploads\/2015\/01\/Cocktails-Stir-it-Up-au-Elle-Beauty-Award-2015-6.jpg 640w\" sizes=\"(max-width: 150px) 100vw, 150px\" \/>\u00a0\u00a0<img decoding=\"async\" class=\"alignnone wp-image-1846 size-thumbnail\" src=\"https:\/\/www.stiritup.be\/cocktail\/wp-content\/uploads\/2013\/09\/Bar-\u00e0-cocktails-Stir-it-Up-Mariage-1-150x150.jpg\" alt=\"\" width=\"150\" height=\"150\" srcset=\"https:\/\/www.stiritup.be\/cocktail\/wp-content\/uploads\/2013\/09\/Bar-\u00e0-cocktails-Stir-it-Up-Mariage-1-66x66.jpg 66w, https:\/\/www.stiritup.be\/cocktail\/wp-content\/uploads\/2013\/09\/Bar-\u00e0-cocktails-Stir-it-Up-Mariage-1-150x150.jpg 150w, https:\/\/www.stiritup.be\/cocktail\/wp-content\/uploads\/2013\/09\/Bar-\u00e0-cocktails-Stir-it-Up-Mariage-1.jpg 455w\" sizes=\"(max-width: 150px) 100vw, 150px\" \/>\u00a0\u00a0<img decoding=\"async\" class=\"alignnone wp-image-1819 size-thumbnail\" src=\"https:\/\/www.stiritup.be\/cocktail\/wp-content\/uploads\/2014\/08\/Cocktails-pour-Bellerose-@-Nuit-du-Zoute-81-150x150.jpg\" alt=\"Cocktails pour sales event \" width=\"150\" height=\"150\" srcset=\"https:\/\/www.stiritup.be\/cocktail\/wp-content\/uploads\/2014\/08\/Cocktails-pour-Bellerose-@-Nuit-du-Zoute-81-66x66.jpg 66w, https:\/\/www.stiritup.be\/cocktail\/wp-content\/uploads\/2014\/08\/Cocktails-pour-Bellerose-@-Nuit-du-Zoute-81-150x150.jpg 150w, https:\/\/www.stiritup.be\/cocktail\/wp-content\/uploads\/2014\/08\/Cocktails-pour-Bellerose-@-Nuit-du-Zoute-81.jpg 323w\" sizes=\"(max-width: 150px) 100vw, 150px\" \/>\u00a0\u00a0<img decoding=\"async\" class=\"alignnone wp-image-2221 size-thumbnail\" src=\"https:\/\/www.stiritup.be\/cocktail\/wp-content\/uploads\/2015\/01\/Bar-cocktail-Stir-it-Up-Gastby-le-Magnifique-5-150x150.jpg\" alt=\"Bar cocktail Stir it Up \" width=\"150\" height=\"150\" srcset=\"https:\/\/www.stiritup.be\/cocktail\/wp-content\/uploads\/2015\/01\/Bar-cocktail-Stir-it-Up-Gastby-le-Magnifique-5-66x66.jpg 66w, https:\/\/www.stiritup.be\/cocktail\/wp-content\/uploads\/2015\/01\/Bar-cocktail-Stir-it-Up-Gastby-le-Magnifique-5-150x150.jpg 150w, https:\/\/www.stiritup.be\/cocktail\/wp-content\/uploads\/2015\/01\/Bar-cocktail-Stir-it-Up-Gastby-le-Magnifique-5.jpg 600w\" sizes=\"(max-width: 150px) 100vw, 150px\" \/><a href=\"http:\/\/www.stiritup.be\/cocktail\/wp-content\/uploads\/2015\/01\/Cocktails-Stir-it-Up-au-Elle-Beauty-Award-2015-6.jpg\">\u00a0<\/a><\/p>\n<h3>Curieux de visionner d&#8217;autres photos des \u00e9v\u00e9nements Stir it Up ?<\/h3>\n<p>Visitez notre <a title=\"Blog Stir it Up\" href=\"http:\/\/www.stiritup.be\/cocktail\/news\/\" target=\"_blank\">blog <\/a>et d\u00e9couvrez certaines\u00a0de nos collaborations :<\/p>\n<ul>\n<li><a href=\"http:\/\/www.stiritup.be\/cocktail\/le-menu-cocktail-original-de-stir-it-up-pour-art-brussels\/\" target=\"_blank\">Cr\u00e9ation de son propre cocktail dans le cadre d&#8217;Art Brussels<\/a><\/li>\n<li><a href=\"http:\/\/www.stiritup.be\/cocktail\/le-bar-a-cocktails-stir-it-up-dans-les-bureaux-darag-nov-2015\/\" target=\"_blank\">Bar Stir it up sur le lieu de travail pour les 50 ans d&#8217;Arag<\/a><\/li>\n<li><a href=\"http:\/\/www.stiritup.be\/cocktail\/bar-a-cocktail-stir-it-up-aux-50-ans-de-life-pharma\/\" target=\"_blank\">Bar \u00e0 cocktail pour l&#8217;anniversaire de Lif\u00e9 Pharma<\/a><\/li>\n<li><a href=\"http:\/\/www.stiritup.be\/cocktail\/cocktails-stir-it-up-au-rv-fashion-design-de-ycaa\/\" target=\"_blank\">Bar Stir it Up pour l&#8217;\u00e9dition fashion &amp; design des Young Creators Against Aids (YCAA)<\/a><\/li>\n<li><a href=\"http:\/\/www.stiritup.be\/cocktail\/champagne-cocktails-stir-it-up-a-linauguration-de-charles-home\/\" target=\"_blank\">Cocktails Stir it Up \u00e0 l&#8217;inauguration de Charles Home<\/a><\/li>\n<li><a href=\"http:\/\/www.stiritup.be\/cocktail\/des-cocktails-stir-it-up-au-press-event-de-727sailbags\/\" target=\"_blank\">Cocktails Stir it Up au press event\u00a0de 727Sailbags<\/a><\/li>\n<li><a href=\"http:\/\/www.stiritup.be\/cocktail\/les-cocktails-stir-etaient-au-elle-beauty-awards-2015\/\" target=\"_blank\">Cocktails Stir it Up au Elle\u00a0Beauty awards 2015<\/a><\/li>\n<li><a href=\"http:\/\/www.stiritup.be\/cocktail\/des-cocktails-stir-fluos-pour-le-nouvel-de-bellerose\/\" target=\"_blank\">Des cocktails Stir it up\u00a0fluos pour\u00a0le Nouvel an de Bellerose<\/a><\/li>\n<li><a href=\"http:\/\/www.stiritup.be\/cocktail\/stir-it-up-cocktails-gatsby-le-magnifique\/\" target=\"_blank\">Menu cocktail &#8216;Gastby le Magnifique&#8217; pour Atenor<\/a><\/li>\n<li><a href=\"http:\/\/www.stiritup.be\/cocktail\/atelier-cocktail-stir-lhotel-bloom\/\" target=\"_blank\">Atelier cocktail \u00a0pour\u00a0 les collaborateurs d&#8217;Huwai<\/a><\/li>\n<li><a href=\"http:\/\/www.stiritup.be\/cocktail\/bar-cocktails-stir-dans-les-bureaux-darag-oct-2014\/\" target=\"_blank\">Bar \u00e0 cocktail Stir it Up\u00a0dans les bureaux d&#8217;Arag<\/a><\/li>\n<li><a href=\"http:\/\/www.stiritup.be\/cocktail\/les-mojitos-stir-sur-une-peniche-oct-2014\/\" target=\"_blank\">Mojitos\u00a0Stir it Up\u00a0sur une p\u00e9niche pour Edenred<\/a><\/li>\n<li><a href=\"http:\/\/www.stiritup.be\/cocktail\/stir-atelier-cocktail-sd-worx-0309\/\" target=\"_blank\">Atelier cocktail \u00a0pour\u00a0SD Worx<\/a><\/li>\n<li><a href=\"http:\/\/www.stiritup.be\/cocktail\/degustation-de-cocktails-stir-au-golf-de-lempereur-3108\/\" target=\"_blank\">D\u00e9gustation Stir it Up au Golf de l&#8217;Empereur<\/a><\/li>\n<li><a href=\"http:\/\/www.stiritup.be\/cocktail\/nuit-du-zoute-2014-les-cocktails-stir-etaient-la-boutique-bellerose\/\" target=\"_blank\">Bar \u00e0 cocktail\u00a0Stir it Up pour les clients Bellerose \u00e0 la Nuit du Zout\u00a0<\/a><\/li>\n<li><a href=\"http:\/\/www.stiritup.be\/cocktail\/cocktails-10-ans-coretec\/\" target=\"_blank\">Cocktails Stir it Up\u00a0la journ\u00e9e familiale\u00a0de Coretec<\/a><\/li>\n<li><a href=\"http:\/\/www.stiritup.be\/cocktail\/2606-match-belgique-coree-du-sud-bar-stir\/\" target=\"_blank\">Bar \u00e0 cocktail br\u00e9silien pour\u00a0le\u00a0match Belgique-Cor\u00e9 du Sud<\/a><\/li>\n<li><a href=\"http:\/\/www.stiritup.be\/cocktail\/team-event-davidson-consulting-22052014\/\" target=\"_blank\">Cocktails\u00a0au team event de Davidson<\/a><\/li>\n<li><a href=\"http:\/\/www.stiritup.be\/cocktail\/cocktails-stir-le-salon-pascal-del-natale\/\" target=\"_blank\">Bar \u00e0 cocktail\u00a0au Salon de Pascal del Natale<\/a><\/li>\n<li><a href=\"http:\/\/www.stiritup.be\/cocktail\/autumnwinter-2014-press-day-top-secret-communication\/\" target=\"_blank\">Press day de Top Secret Communication<\/a><\/li>\n<li><a href=\"http:\/\/www.stiritup.be\/cocktail\/lancement-des-produits-nuxe-sun-27032014\/\" target=\"_blank\">Bar \u00e0 cocktail\u00a0Stir it Up\u00a0au lancement de la nouvelle gamme Nuxe<\/a><\/li>\n<\/ul>\n<p><img decoding=\"async\" class=\"alignleft wp-image-1978\" title=\"Stir it Up partenaire du salon du mariage moderne et d\u00e9cal\u00e9: Marry Me\" src=\"https:\/\/www.stiritup.be\/cocktail\/wp-content\/uploads\/2014\/09\/Logo-marry-me-300x300.jpg\" alt=\"Stir it Up partenaire du salon du mariage moderne et d\u00e9cal\u00e9: Marry Me\" width=\"130\" height=\"130\" srcset=\"https:\/\/www.stiritup.be\/cocktail\/wp-content\/uploads\/2014\/09\/Logo-marry-me-66x66.jpg 66w, https:\/\/www.stiritup.be\/cocktail\/wp-content\/uploads\/2014\/09\/Logo-marry-me-150x150.jpg 150w, https:\/\/www.stiritup.be\/cocktail\/wp-content\/uploads\/2014\/09\/Logo-marry-me-300x300.jpg 300w, https:\/\/www.stiritup.be\/cocktail\/wp-content\/uploads\/2014\/09\/Logo-marry-me.jpg 360w\" sizes=\"(max-width: 130px) 100vw, 130px\" \/><\/p>\n<p>Bon \u00e0 savoir:\u00a0<strong>Stir it Up<\/strong> est partenaire du salon du mariage moderne et d\u00e9cal\u00e9 <a title=\"Stir it Up partenaire de Marry Me, le salon du mariage original et d\u00e9cal\u00e9\" href=\"http:\/\/www.stiritup.be\/cocktail\/stir-partenaire-de-marry-le-salon-du-mariage-original-et-decale\/\" target=\"_blank\"><strong>Marry Me<\/strong><\/a>.<\/p>\n<p>En 2014, nous\u00a0avons \u00e9galement \u00e9galement particip\u00e9 au <strong><a title=\"Stir it Up au salon \u2018Mariage de Charme\u2019 (16\/11)\" href=\"http:\/\/www.stiritup.be\/cocktail\/stir-au-salon-mariage-de-charme-1611\/\" target=\"_blank\">Salon du mariage de charme<\/a><\/strong>.<\/p>\n<p>Vous organisez un barbecue, un souper, une petite f\u00eate \u00e0 la maison ? Stir it Up propose \u00e9galement un service de <strong><a title=\"Bar \u00e0 cocktails \u00e0 domicile\" href=\"http:\/\/www.stiritup.be\/cocktail\/bar-a-cocktails-pour-particuliers\/bar-cocktail-a-domicile\/\">Bar \u00e0 domicile<\/a><\/strong>.<\/p>\n<p>&nbsp;<\/p>\n<div class=\"fusion-fullwidth fullwidth-box fusion-builder-row-1 hundred-percent-fullwidth non-hundred-percent-height-scrolling\" style=\"--awb-border-radius-top-left:0px;--awb-border-radius-top-right:0px;--awb-border-radius-bottom-right:0px;--awb-border-radius-bottom-left:0px;--awb-overflow:visible;--awb-flex-wrap:wrap;\" ><div class=\"fusion-builder-row fusion-row\"><div class=\"fusion-layout-column fusion_builder_column fusion-builder-column-0 fusion_builder_column_1_1 1_1 fusion-one-full fusion-column-first fusion-column-last fusion-column-no-min-height\" style=\"--awb-bg-size:cover;--awb-margin-bottom:0px;\"><div class=\"fusion-column-wrapper fusion-flex-column-wrapper-legacy\"><div class=\"fusion-button-wrapper\"><a class=\"fusion-button button-flat button-large or small button-e.g. green fusion-button-e.g. green button-1 fusion-button-default-span fusion-button-default-type\" target=\"_parent\" href=\"\/cocktail\/contact\/\"><span class=\"fusion-button-text\">Contactez-nous<\/span><\/a><\/div>\n<h4>\u00a0<a title=\"T\u00e9moignages\" href=\"http:\/\/www.stiritup.be\/cocktail\/temoignages-cocktails\/\"><span style=\"color: #99cc00;\">T\u00e9moignages\u2026<\/span><\/a><\/h4>\n<div class=\"fusion-clearfix\"><\/div><\/div><\/div><\/div><\/div>\n","protected":false},"excerpt":{"rendered":"<p>Bar \u00e0 cocktails pour r\u00e9ceptions et \u00e9v\u00e9nements priv\u00e9s Mariage, anniversaire, fian\u00e7ailles, vin d\u2019honneur\u2026 quel que soit l\u2019\u00e9v\u00e9nement \u00e0 c\u00e9l\u00e9brer et son ampleur, Stir it Up a une solution cocktail sur [&hellip;]<\/p>\n","protected":false},"author":3,"featured_media":0,"parent":90,"menu_order":0,"comment_status":"closed","ping_status":"closed","template":"","meta":{"footnotes":""},"yoast_head":"<!-- This site is optimized with the Yoast SEO plugin v21.4 - https:\/\/yoast.com\/wordpress\/plugins\/seo\/ -->\n<title>R\u00e9ceptions &amp; \u00e9v\u00e8nements - Stir It Up - Cocktail<\/title>\n<meta name=\"robots\" content=\"index, follow, max-snippet:-1, max-image-preview:large, max-video-preview:-1\" \/>\n<link rel=\"canonical\" href=\"https:\/\/www.stiritup.be\/cocktail\/bar-a-cocktails-pour-particuliers\/receptions-evenements-cocktails\/\" \/>\n<meta property=\"og:locale\" content=\"en_US\" \/>\n<meta property=\"og:type\" content=\"article\" \/>\n<meta property=\"og:title\" content=\"R\u00e9ceptions &amp; \u00e9v\u00e8nements - Stir It Up - Cocktail\" \/>\n<meta property=\"og:description\" content=\"Bar \u00e0 cocktails pour r\u00e9ceptions et \u00e9v\u00e9nements priv\u00e9s Mariage, anniversaire, fian\u00e7ailles, vin d\u2019honneur\u2026 quel que soit l\u2019\u00e9v\u00e9nement \u00e0 c\u00e9l\u00e9brer et son ampleur, Stir it Up a une solution cocktail sur [&hellip;]\" \/>\n<meta property=\"og:url\" content=\"https:\/\/www.stiritup.be\/cocktail\/bar-a-cocktails-pour-particuliers\/receptions-evenements-cocktails\/\" \/>\n<meta property=\"og:site_name\" content=\"Stir It Up - Cocktail\" \/>\n<meta property=\"article:publisher\" content=\"https:\/\/www.facebook.com\/StiritupCocktails\" \/>\n<meta property=\"article:modified_time\" content=\"2016-11-17T09:33:52+00:00\" \/>\n<meta property=\"og:image\" content=\"http:\/\/www.stiritup.be\/cocktail\/wp-content\/uploads\/2015\/01\/Cocktails-Stir-it-Up-fot-Bellerose-6-150x150.jpg\" \/>\n<meta name=\"twitter:label1\" content=\"Est. reading time\" \/>\n\t<meta name=\"twitter:data1\" content=\"3 minutes\" \/>\n<script type=\"application\/ld+json\" class=\"yoast-schema-graph\">{\"@context\":\"https:\/\/schema.org\",\"@graph\":[{\"@type\":\"WebPage\",\"@id\":\"https:\/\/www.stiritup.be\/cocktail\/bar-a-cocktails-pour-particuliers\/receptions-evenements-cocktails\/\",\"url\":\"https:\/\/www.stiritup.be\/cocktail\/bar-a-cocktails-pour-particuliers\/receptions-evenements-cocktails\/\",\"name\":\"R\u00e9ceptions & \u00e9v\u00e8nements - Stir It Up - Cocktail\",\"isPartOf\":{\"@id\":\"https:\/\/www.stiritup.be\/cocktail\/#website\"},\"datePublished\":\"2013-09-12T12:32:35+00:00\",\"dateModified\":\"2016-11-17T09:33:52+00:00\",\"breadcrumb\":{\"@id\":\"https:\/\/www.stiritup.be\/cocktail\/bar-a-cocktails-pour-particuliers\/receptions-evenements-cocktails\/#breadcrumb\"},\"inLanguage\":\"en-US\",\"potentialAction\":[{\"@type\":\"ReadAction\",\"target\":[\"https:\/\/www.stiritup.be\/cocktail\/bar-a-cocktails-pour-particuliers\/receptions-evenements-cocktails\/\"]}]},{\"@type\":\"BreadcrumbList\",\"@id\":\"https:\/\/www.stiritup.be\/cocktail\/bar-a-cocktails-pour-particuliers\/receptions-evenements-cocktails\/#breadcrumb\",\"itemListElement\":[{\"@type\":\"ListItem\",\"position\":1,\"name\":\"Home\",\"item\":\"https:\/\/www.stiritup.be\/cocktail\/\"},{\"@type\":\"ListItem\",\"position\":2,\"name\":\"Bar \u00e0 cocktails pour particuliers\",\"item\":\"https:\/\/www.stiritup.be\/cocktail\/bar-a-cocktails-pour-particuliers\/\"},{\"@type\":\"ListItem\",\"position\":3,\"name\":\"R\u00e9ceptions &#038; \u00e9v\u00e8nements\"}]},{\"@type\":\"WebSite\",\"@id\":\"https:\/\/www.stiritup.be\/cocktail\/#website\",\"url\":\"https:\/\/www.stiritup.be\/cocktail\/\",\"name\":\"Stir It Up - Cocktail\",\"description\":\"Cocktails bartending\",\"potentialAction\":[{\"@type\":\"SearchAction\",\"target\":{\"@type\":\"EntryPoint\",\"urlTemplate\":\"https:\/\/www.stiritup.be\/cocktail\/?s={search_term_string}\"},\"query-input\":\"required name=search_term_string\"}],\"inLanguage\":\"en-US\"}]}<\/script>\n<!-- \/ Yoast SEO plugin. -->","yoast_head_json":{"title":"R\u00e9ceptions & \u00e9v\u00e8nements - Stir It Up - Cocktail","robots":{"index":"index","follow":"follow","max-snippet":"max-snippet:-1","max-image-preview":"max-image-preview:large","max-video-preview":"max-video-preview:-1"},"canonical":"https:\/\/www.stiritup.be\/cocktail\/bar-a-cocktails-pour-particuliers\/receptions-evenements-cocktails\/","og_locale":"en_US","og_type":"article","og_title":"R\u00e9ceptions & \u00e9v\u00e8nements - Stir It Up - Cocktail","og_description":"Bar \u00e0 cocktails pour r\u00e9ceptions et \u00e9v\u00e9nements priv\u00e9s Mariage, anniversaire, fian\u00e7ailles, vin d\u2019honneur\u2026 quel que soit l\u2019\u00e9v\u00e9nement \u00e0 c\u00e9l\u00e9brer et son ampleur, Stir it Up a une solution cocktail sur [&hellip;]","og_url":"https:\/\/www.stiritup.be\/cocktail\/bar-a-cocktails-pour-particuliers\/receptions-evenements-cocktails\/","og_site_name":"Stir It Up - Cocktail","article_publisher":"https:\/\/www.facebook.com\/StiritupCocktails","article_modified_time":"2016-11-17T09:33:52+00:00","og_image":[{"url":"http:\/\/www.stiritup.be\/cocktail\/wp-content\/uploads\/2015\/01\/Cocktails-Stir-it-Up-fot-Bellerose-6-150x150.jpg"}],"twitter_misc":{"Est. reading time":"3 minutes"},"schema":{"@context":"https:\/\/schema.org","@graph":[{"@type":"WebPage","@id":"https:\/\/www.stiritup.be\/cocktail\/bar-a-cocktails-pour-particuliers\/receptions-evenements-cocktails\/","url":"https:\/\/www.stiritup.be\/cocktail\/bar-a-cocktails-pour-particuliers\/receptions-evenements-cocktails\/","name":"R\u00e9ceptions & \u00e9v\u00e8nements - Stir It Up - Cocktail","isPartOf":{"@id":"https:\/\/www.stiritup.be\/cocktail\/#website"},"datePublished":"2013-09-12T12:32:35+00:00","dateModified":"2016-11-17T09:33:52+00:00","breadcrumb":{"@id":"https:\/\/www.stiritup.be\/cocktail\/bar-a-cocktails-pour-particuliers\/receptions-evenements-cocktails\/#breadcrumb"},"inLanguage":"en-US","potentialAction":[{"@type":"ReadAction","target":["https:\/\/www.stiritup.be\/cocktail\/bar-a-cocktails-pour-particuliers\/receptions-evenements-cocktails\/"]}]},{"@type":"BreadcrumbList","@id":"https:\/\/www.stiritup.be\/cocktail\/bar-a-cocktails-pour-particuliers\/receptions-evenements-cocktails\/#breadcrumb","itemListElement":[{"@type":"ListItem","position":1,"name":"Home","item":"https:\/\/www.stiritup.be\/cocktail\/"},{"@type":"ListItem","position":2,"name":"Bar \u00e0 cocktails pour particuliers","item":"https:\/\/www.stiritup.be\/cocktail\/bar-a-cocktails-pour-particuliers\/"},{"@type":"ListItem","position":3,"name":"R\u00e9ceptions &#038; \u00e9v\u00e8nements"}]},{"@type":"WebSite","@id":"https:\/\/www.stiritup.be\/cocktail\/#website","url":"https:\/\/www.stiritup.be\/cocktail\/","name":"Stir It Up - Cocktail","description":"Cocktails bartending","potentialAction":[{"@type":"SearchAction","target":{"@type":"EntryPoint","urlTemplate":"https:\/\/www.stiritup.be\/cocktail\/?s={search_term_string}"},"query-input":"required name=search_term_string"}],"inLanguage":"en-US"}]}},"_links":{"self":[{"href":"https:\/\/www.stiritup.be\/cocktail\/wp-json\/wp\/v2\/pages\/252"}],"collection":[{"href":"https:\/\/www.stiritup.be\/cocktail\/wp-json\/wp\/v2\/pages"}],"about":[{"href":"https:\/\/www.stiritup.be\/cocktail\/wp-json\/wp\/v2\/types\/page"}],"author":[{"embeddable":true,"href":"https:\/\/www.stiritup.be\/cocktail\/wp-json\/wp\/v2\/users\/3"}],"replies":[{"embeddable":true,"href":"https:\/\/www.stiritup.be\/cocktail\/wp-json\/wp\/v2\/comments?post=252"}],"version-history":[{"count":0,"href":"https:\/\/www.stiritup.be\/cocktail\/wp-json\/wp\/v2\/pages\/252\/revisions"}],"up":[{"embeddable":true,"href":"https:\/\/www.stiritup.be\/cocktail\/wp-json\/wp\/v2\/pages\/90"}],"wp:attachment":[{"href":"https:\/\/www.stiritup.be\/cocktail\/wp-json\/wp\/v2\/media?parent=252"}],"curies":[{"name":"wp","href":"https:\/\/api.w.org\/{rel}","templated":true}]}}